1013197 composite?
False
Is 2955011 a prime number?
True
Is 32388971 a composite number?
False
Is 20570623 prime?
False
Is 235439 a prime number?
True
Is 23920957 prime?
True
Is 5479919 composite?
False
Is 5288747 a composite number?
False
Is 2750577 composite?
True
Is 12040763 a prime number?
False
Is 6830179 a composite number?
True
Is 6332803 a prime number?
True
Is 5552087 a composite number?
True
Is 1613881 a composite number?
True
Is 4321937 a prime number?
False
Is 17282117 composite?
False
Is 13322563 composite?
False
Is 47727581 composite?
True
Is 112421013 a composite number?
True
Is 656587571 a composite number?
True
Is 129148231 composite?
False
Is 303341 composite?
False
Is 85051 a prime number?
False
Is 198577567 prime?
False
Is 116623951 a prime number?
True
Is 18102731 prime?
False
Is 9983903 a prime number?
False
Is 192601009 composite?
False
Is 14876707 a composite number?
False
Is 114265049 a composite number?
False
Is 36107458 a prime number?
False
Is 462307855 composite?
True
Is 57547981 prime?
True
Is 2457397 composite?
False
Is 118486673 a prime number?
True
Is 208707517 composite?
False
Is 74868839 a composite number?
False
Is 43973599 a prime number?
False
Is 46776679 composite?
True
Is 47215039 a composite number?
True
Is 10052737 composite?
False
Is 16184513 a prime number?
False
Is 21979291 a composite number?
True
Is 1241107 composite?
True
Is 184697913 composite?
True
Is 39307679 composite?
False
Is 29625403 composite?
True
Is 4159621 a composite number?
False
Is 88920031 a prime number?
True
Is 21467267 a prime number?
True
Is 3619673 prime?
False
Is 1761283 prime?
False
Is 196252297 a prime number?
False
Is 12838039 a prime number?
False
Is 164466091 a composite number?
False
Is 7855277 a prime number?
False
Is 139438489 a prime number?
False
Is 119974871 composite?
False
Is 7802555 prime?
False
Is 2752135 composite?
True
Is 244081 composite?
True
Is 20247251 prime?
False
Is 253314457 composite?
True
Is 129917 prime?
True
Is 6122359 composite?
False
Is 42737 prime?
True
Is 844458139 a composite number?
True
Is 505465657 composite?
True
Is 27748823 a prime number?
True
Is 363206 a prime number?
False
Is 3680873 prime?
False
Is 370373 a prime number?
True
Is 296603 a composite number?
True
Is 51472261 composite?
True
Is 112495631 a prime number?
True
Is 4217327 a composite number?
True
Is 53473463 a prime number?
True
Is 538753 prime?
False
Is 123301901 a prime number?
False
Is 807467 composite?
True
Is 420623617 prime?
True
Is 473089 composite?
False
Is 5205407 a composite number?
False
Is 721109 a composite number?
False
Is 4406098 a composite number?
True
Is 9678457 a composite number?
True
Is 3138361 prime?
True
Is 478727 a composite number?
False
Is 10689673 prime?
False
Is 8504051 a prime number?
True
Is 21958709 composite?
False
Is 583753 composite?
False
Is 46697437 composite?
False
Is 5615411 prime?
True
Is 1988215 a prime number?
False
Is 351727 a prime number?
True
Is 264337322 a composite number?
True
Is 6003755 composite?
True
Is 48310531 a composite number?
False
Is 229247 composite?
False
Is 4703719 composite?
True
Is 154773691 a prime number?
True
Is 797369201 a composite number?
False
Is 61068191 a composite number?
True
Is 5136191 a prime number?
False
Is 154727329 a composite number?
False
Is 1051619863 a composite number?
True
Is 47898661 a prime number?
True
Is 7071133 a composite number?
True
Is 583841 prime?
True
Is 62728507 prime?
True
Is 284369 prime?
True
Is 89221771 composite?
True
Is 4600007 prime?
True
Is 18004281 composite?
True
Is 30894709 prime?
False
Is 82081351 prime?
False
Is 103485089 a prime number?
True
Is 2057291 prime?
True
Is 851731 a composite number?
False
Is 100275893 a prime number?
True
Is 611351021 a prime number?
False
Is 91611409 prime?
True
Is 30243715 a composite number?
True
Is 6539011 a prime number?
False
Is 18872927 a prime number?
True
Is 8566121 a prime number?
True
Is 99539717 prime?
False
Is 50283573 a prime number?
False
Is 9689681 a prime number?
True
Is 84198427 a prime number?
True
Is 460271309 a composite number?
False
Is 157297493 a composite number?
False
Is 1253783 a prime number?
True
Is 3170785 a prime number?
False
Is 3936599 prime?
True
Is 32675537 composite?
False
Is 201319201 a composite number?
True
Is 576227 composite?
False
Is 4647593 prime?
False
Is 128163367 prime?
True
Is 371399447 composite?
False
Is 312829 composite?
True
Is 394466 composite?
True
Is 757291 prime?
True
Is 539598133 a composite number?
False
Is 85991 a composite number?
False
Is 462799037 a prime number?
False
Is 2487517 a composite number?
False
Is 12958373 prime?
False
Is 17570107 composite?
True
Is 3167029 a composite number?
True
Is 291719 a prime number?
False
Is 3428167 a prime number?
False
Is 364874657 prime?
False
Is 9940601 prime?
False
Is 17473883 a composite number?
True
Is 5967011 a composite number?
True
Is 979471 composite?
False
Is 3235889 prime?
True
Is 108657997 a prime number?
False
Is 43296406 composite?
True
Is 661909 composite?
False
Is 487589 a composite number?
False
Is 1738357 prime?
True
Is 168068203 a prime number?
True
Is 42307537 a prime number?
True
Is 2881401 a prime number?
False
Is 20959801 a prime number?
False
Is 544335419 a composite number?
False
Is 3474881 a prime number?
False
Is 239198521 prime?
True
Is 268553303 composite?
False
Is 1691047315 a prime number?
False
Is 1652929 prime?
True
Is 61596421 a prime number?
True
Is 4392247 composite?
True
Is 338921857 composite?
False
Is 27366371 prime?
False
Is 3218399 composite?
False
Is 18524327 composite?
False
Is 4750495 composite?
True
Is 3072193 composite?
True
Is 1300661 prime?
False
Is 30748301 composite?
True
Is 24085993 composite?
False
Is 29316457 prime?
False
Is 4942411 a prime number?
True
Is 3662311 prime?
True
Is 5342999 composite?
False
Is 2337521 composite?
True
Is 38167502 composite?
True
Is 703453343 composite?
True
Is 96421043 a composite number?
False
Is 190641629 prime?
True
Is 38654399 composite?
True
Is 231075307 a prime number?
False
Is 69477607 composite?
True
Is 9746063 prime?
True
Is 60421259 a composite number?
True
Is 4325261 a prime number?
False
Is 364213 a composite number?
False
Is 3702469 composite?
True
Is 26450302 a composite number?
True
Is 8992153 a prime number?
True
Is 12167917 a composite number?
False
Is 111197917 a prime number?
False
Is 17580961 prime?
False
Is 1435457 prime?
True
Is 13854847 a composite number?
True
Is 183373719 a prime number?
False
Is 15667573 a composite number?
False
Is 59694049 prime?
False
Is 3990449 prime?
True
Is 195492191 a composite number?
False
Is 5975159 composite?
True
Is 9659681 a composite number?
True
Is 149482073 composite?
True
Is 28188353 a composite number?
True
Is 9738349 composite?
False
Is 139086613 a composite number?
False
Is 2003033 a prime number?
True
Is 1773221 composite?
True
Is 879237647 prime?
False
Is 4302691 prime?
True
Is 157452247 prime?
True
Is 73928131 prime?
True
Is 17373869 a prime number?
True
Is 2844657119 composite?
False
Is 12896021 a composite number?
False
Is 21626281 a prime number?
True
Is 135487513 a prime number?
False
Is 384095303 prime?
False
Is 337461461 prime?
False
Is 74984027 a composite number?
True
Is 99868567 prime?
True
Is 214853699 prime?
True
Is 10205411 prime?
True
Is 1005750721 a composite number?
True
Is 1989479 prime?
True
Is 5262149 a composite number?
False
Is 58501967 a composite number?
True
Is 793748915 a prime number?
False
Is 68469701 a prime number?
True
Is 183345427 a composite number?
False
Is 465100721 prime?
True
Is 85069 a prime number?
False
Is 163773353 composite?
True
Is 633044041 a prime number?
False
Is 374948393 composite?
False
Is 446973 a composite number?
True
Is 21789607 prime?
False
Is 11667397 a prime number?
False
Is 464665855 a composite number?
True
Is 7731299 prime?
True
Is 21841409 a composite number?
False
Is 114912769 prime?
True
Is 1034633 prime?
False
Is 818167 a prime number?
False
Is 2634923 prime?
True
Is 88502263 a prime number?
True
Is 98850743 prime?
True
Is 26831977 a prime number?
False
Is 6003977 a prime number?
False
Is 9513941 a prime number?
True
Is 197540653 prime?
False
Is 1227637 composite?
False
Is 53213 a